{"id":903,"date":"2022-02-27T12:22:24","date_gmt":"2022-02-27T10:22:24","guid":{"rendered":"https:\/\/jpsilvan.com\/?page_id=903"},"modified":"2024-07-08T13:43:26","modified_gmt":"2024-07-08T11:43:26","slug":"who-is-jp","status":"publish","type":"page","link":"https:\/\/jpsilvan.com\/fin\/who-is-jp\/","title":{"rendered":"Kuka on JP?"},"content":{"rendered":"<div data-elementor-type=\"wp-page\" data-elementor-id=\"903\" class=\"elementor elementor-903\" data-elementor-post-type=\"page\">\n\t\t\t\t<div class=\"elementor-element elementor-element-a91211d e-con-full e-flex e-con e-parent\" data-id=\"a91211d\" data-element_type=\"container\" data-e-type=\"container\" data-settings=\"{&quot;background_background&quot;:&quot;classic&quot;}\">\n\t\t<div class=\"elementor-element elementor-element-568759d e-flex e-con-boxed e-con e-child\" data-id=\"568759d\" data-element_type=\"container\" data-e-type=\"container\">\n\t\t\t\t\t<div class=\"e-con-inner\">\n\t\t\t\t<div class=\"elementor-element elementor-element-f058350 elementor-widget elementor-widget-heading\" data-id=\"f058350\" data-element_type=\"widget\" data-e-type=\"widget\" data-widget_type=\"heading.default\">\n\t\t\t\t<div class=\"elementor-widget-container\">\n\t\t\t\t\t<h1 class=\"elementor-heading-title elementor-size-xl\">Who is J-P Silvan?<\/h1>\t\t\t\t<\/div>\n\t\t\t\t<\/div>\n\t\t\t\t<div class=\"elementor-element elementor-element-50de34a elementor-widget elementor-widget-heading\" data-id=\"50de34a\" data-element_type=\"widget\" data-e-type=\"widget\" data-widget_type=\"heading.default\">\n\t\t\t\t<div class=\"elementor-widget-container\">\n\t\t\t\t\t<h2 class=\"elementor-heading-title elementor-size-default\">Web designer, photographer, media creator in still, motion, aerial and 360 imagery.<\/h2>\t\t\t\t<\/div>\n\t\t\t\t<\/div>\n\t\t\t\t\t<\/div>\n\t\t\t\t<\/div>\n\t\t\t\t<\/div>\n\t\t<div class=\"elementor-element elementor-element-63b36a3 e-flex e-con-boxed e-con e-parent\" data-id=\"63b36a3\" data-element_type=\"container\" data-e-type=\"container\" data-settings=\"{&quot;background_background&quot;:&quot;classic&quot;}\">\n\t\t\t\t\t<div class=\"e-con-inner\">\n\t\t\t\t<div class=\"elementor-element elementor-element-e45be7a elementor-widget elementor-widget-text-editor\" data-id=\"e45be7a\" data-element_type=\"widget\" data-e-type=\"widget\" data-widget_type=\"text-editor.default\">\n\t\t\t\t<div class=\"elementor-widget-container\">\n\t\t\t\t\t\t\t\t\t<p><strong>Filmist\u00e4 digiaikaan<br \/><\/strong>Olen harrastanut valokuvausta nuoruudesta l\u00e4htien. Sain ensimm\u00e4isen kamerani 80-luvulla. Siit\u00e4 l\u00e4htien olen aina nauttinut kuvauksesta. My\u00f6hemmin siit\u00e4 on kehittynyt jotain vakavampaa. Riippumatta ty\u00f6st\u00e4 jota olen tehnyt, olen onnistunut integroimaan kuvauksen siihen. Vasta my\u00f6hemmin olen ymm\u00e4rt\u00e4nyt, ett\u00e4 visuaalinen media on todellinen intohimoni.<\/p><p><strong>Ty\u00f6<br \/><\/strong>Media-alan tutkinnon lis\u00e4ksi minulla on yli kymmenen vuoden kokemus markkinoinnista ja myynnist\u00e4. Vahva tekninen ymm\u00e4rrys auttaa minua ratkaisemaan monia erilaisia ongelmia. Ajattelutapani on yritt\u00e4j\u00e4henkinen. Uskon, ett\u00e4 toisten auttaminen menestykseen on paras tapa menesty\u00e4 my\u00f6s itse.<\/p><p>Nautin matkustamisesta ja ty\u00f6skentelyst\u00e4 eri taustaisten ihmisten kanssa.<\/p><p><strong>Tulevaisuus<br \/><\/strong>Uskon jatkuvaan oppimiseen sek\u00e4 taitojen ja prosessien kehitt\u00e4miseen.<\/p>\t\t\t\t\t\t\t\t<\/div>\n\t\t\t\t<\/div>\n\t\t\t\t<div class=\"elementor-element elementor-element-2f3993d elementor-align-left elementor-mobile-align-center elementor-widget elementor-widget-button\" data-id=\"2f3993d\" data-element_type=\"widget\" data-e-type=\"widget\" data-widget_type=\"button.default\">\n\t\t\t\t<div class=\"elementor-widget-container\">\n\t\t\t\t\t\t\t\t\t<div class=\"elementor-button-wrapper\">\n\t\t\t\t\t<a class=\"elementor-button elementor-button-link elementor-size-lg elementor-animation-pulse-grow\" href=\"https:\/\/jpsilvan.com\/fin\/contact\/\">\n\t\t\t\t\t\t<span class=\"elementor-button-content-wrapper\">\n\t\t\t\t\t\t\t\t\t<span class=\"elementor-button-text\">Ota yhteytt\u00e4<\/span>\n\t\t\t\t\t<\/span>\n\t\t\t\t\t<\/a>\n\t\t\t\t<\/div>\n\t\t\t\t\t\t\t\t<\/div>\n\t\t\t\t<\/div>\n\t\t\t\t\t<\/div>\n\t\t\t\t<\/div>\n\t\t\t\t<\/div>","protected":false},"excerpt":{"rendered":"<p>Who is J-P Silvan? Web designer, photographer, media creator in still, motion, aerial and 360 imagery. From film to digitalPhotography has been something I have done since I was a kid. I got my first camera in the 80s. I have enjoyed snapping pictures ever since. Later it has developed into something more serious. And [&hellip;]<\/p>\n","protected":false},"author":3,"featured_media":0,"parent":0,"menu_order":4,"comment_status":"closed","ping_status":"closed","template":"","meta":{"slim_seo":{"title":"Who is JP? - JPSilvan.com","description":"Who is J-P Silvan? Web designer, photographer, media creator in still, motion, aerial and 360 imagery. From film to digital Photography has been something I hav"},"iawp_total_views":71,"footnotes":""},"hf_cat_page":[23],"class_list":["post-903","page","type-page","status-publish","hentry"],"_links":{"self":[{"href":"https:\/\/jpsilvan.com\/fin\/wp-json\/wp\/v2\/pages\/903","targetHints":{"allow":["GET"]}}],"collection":[{"href":"https:\/\/jpsilvan.com\/fin\/wp-json\/wp\/v2\/pages"}],"about":[{"href":"https:\/\/jpsilvan.com\/fin\/wp-json\/wp\/v2\/types\/page"}],"author":[{"embeddable":true,"href":"https:\/\/jpsilvan.com\/fin\/wp-json\/wp\/v2\/users\/3"}],"replies":[{"embeddable":true,"href":"https:\/\/jpsilvan.com\/fin\/wp-json\/wp\/v2\/comments?post=903"}],"version-history":[{"count":0,"href":"https:\/\/jpsilvan.com\/fin\/wp-json\/wp\/v2\/pages\/903\/revisions"}],"wp:attachment":[{"href":"https:\/\/jpsilvan.com\/fin\/wp-json\/wp\/v2\/media?parent=903"}],"wp:term":[{"taxonomy":"hf_cat_page","embeddable":true,"href":"https:\/\/jpsilvan.com\/fin\/wp-json\/wp\/v2\/hf_cat_page?post=903"}],"curies":[{"name":"wp","href":"https:\/\/api.w.org\/{rel}","templated":true}]}}